isor of 21500 and 344.
172
What is the highest common divisor of 3131 and 31411?
101
What is the greatest common factor of 88 and 119372?
44
What is the greatest common factor of 24 and 73068?
12
Calculate the highest common factor of 7562 and 988.
38
Calculate the highest common factor of 91 and 6316492.
91
Calculate the greatest common factor of 648 and 9963.
81
Calculate the highest common factor of 58 and 309662.
58
What is the highest common factor of 865127 and 38?
19
Calculate the highest common factor of 630174 and 31426.
1654
Calculate the highest common divisor of 420944 and 720.
16
Calculate the highest common divisor of 734100 and 900.
300
What is the highest common divisor of 80074 and 38?
2
What is the greatest common factor of 72013 and 2852?
713
What is the highest common factor of 5496 and 3084?
12
Calculate the highest common factor of 8200 and 43911.
41
Calculate the highest common factor of 62026 and 16.
2
Calculate the greatest common divisor of 198934 and 34.
34
Calculate the greatest common factor of 242 and 106117.
121
Calculate the greatest common factor of 49 and 1226862.
49
What is the greatest common factor of 397698 and 51?
51
What is the greatest common divisor of 10 and 6719210?
10
What is the highest common factor of 303480 and 216?
216
Calculate the greatest common divisor of 299 and 33833.
23
What is the highest common divisor of 55 and 832040?
55
Calculate the greatest common factor of 7299520 and 10.
10
Calculate the highest common divisor of 802687 and 193.
193
Calculate the greatest common factor of 38485 and 19780.
215
What is the highest common divisor of 4400 and 96850?
50
What is the highest common divisor of 10566 and 2780619?
1761
What is the greatest common factor of 3022 and 14?
2
Calculate the greatest common factor of 126828 and 4.
4
What is the greatest common factor of 265605 and 45?
15
Calculate the greatest common factor of 243 and 2709.
9
What is the highest common divisor of 61263 and 2?
1
What is the greatest common factor of 1414 and 25351?
101
What is the highest common factor of 28039 and 66?
11
What is the highest common factor of 13 and 128999?
13
What is the greatest common factor of 3994014 and 306?
102
What is the highest common divisor of 117 and 23823?
9
Calculate the greatest common divisor of 822 and 26989.
137
What is the highest common divisor of 882 and 720?
18
What is the greatest common factor of 54 and 7218?
18
Calculate the highest common divisor of 262 and 3929607.
131
Calculate the highest common factor of 525 and 38325.
525
Calculate the highest common factor of 245955 and 323.
19
Calculate the greatest common factor of 75980 and 2494.
58
Calculate the greatest common divisor of 878444 and 28.
28
Calculate the highest common factor of 463974 and 147.
21
What is the greatest common factor of 480 and 20620?
20
What is the highest common factor of 99207 and 657?
657
Calculate the greatest common factor of 80163 and 432.
27
What is the highest common factor of 152 and 76684?
76
What is the greatest common divisor of 4428 and 419553?
1107
What is the highest common divisor of 51 and 104057?
17
Calculate the highest common divisor of 276354 and 2574.
234
What is the greatest common factor of 20886 and 826?
118
What is the greatest common divisor of 7936 and 95728?
496
What is the highest common divisor of 12152 and 12985?
49
Calculate the greatest common divisor of 936 and 1899144.
936
Calculate the highest common divisor of 2048 and 3952.
16
Calculate the greatest common divisor of 13294 and 68.
34
What is the greatest common divisor of 6345 and 11205?
135
What is the greatest common divisor of 22855 and 595?
35
Calculate the greatest common factor of 3059 and 7429.
437
Calculate the greatest common divisor of 956 and 706.
2
What is the highest common divisor of 408 and 2907?
51
Calculate the highest common divisor of 188288 and 256.
128
What is the greatest common factor of 2115790 and 173?
173
Calculate the highest common factor of 143382 and 276.
138
What is the greatest common factor of 464577 and 69?
69
What is the highest common divisor of 31 and 59241?
31
Calculate the highest common divisor of 36 and 129756.
12
What is the highest common factor of 3680 and 1485?
5
What is the highest common divisor of 855 and 2567223?
171
What is the highest common divisor of 268 and 187801?
67
Calculate the highest common factor of 99 and 6066.
9
Calculate the greatest common divisor of 70 and 13780.
10
What is the highest common factor of 98 and 343000?
98
What is the greatest common divisor of 114740 and 20?
20
What is the greatest common factor of 25066757 and 361?
361
Calculate the greatest common factor of 133060 and 16.
4
Calculate the greatest common divisor of 4953 and 6.
3
What is the highest common divisor of 44517 and 1463?
209
What is the greatest common divisor of 15608 and 64?
8
What is the highest common divisor of 1302 and 8232?
42
What is the highest common divisor of 19575 and 7965?
135
What is the greatest common divisor of 144 and 20664?
72
What is the highest common factor of 1887153 and 51?
51
Calculate the highest common divisor of 446127 and 726.
363
Calculate the highest common divisor of 381 and 183.
3
What is the highest common divisor of 3576 and 10281?
447
What is the highest common factor of 800 and 1045?
5
What is the highest common factor of 806 and 22672?
26
Calculate the greatest common divisor of 1115 and 1294738.
223
Calculate the highest common divisor of 22713 and 201.
201
Calculate the highest common divisor of 1527 and 418907.
509
Calculate the highest common divisor of 139230 and 1020.
510
What is the greatest common divisor of 517 and 539?
11
Calculate the greatest common factor of 3348 and 30.
6
Calculate the greatest common divisor of 20 and 2824940.
20
Calculate the greatest common divisor of 10764 and 2093.
299
What is the highest common divisor of 333590 and 10?
10
Calculate the greatest common divisor of 5712 and 9792.
816
What is the highest common factor of 7592 and 142496?
584
What is the greatest common divisor of 33355 and 35?
35
Calculate the highest common factor of 271220 and 6390.
710
Calculate the highest common divisor of 20 and 39450.
10
Calculate the highest common factor of 536 and 153028.
268
Calculate the highest common divisor of 3452 and 1808.
4
Calculate the greatest common factor of 16224 and 672.
96
What is the highest common divisor of 4914 and 79807?
91
Calculate the highest common divisor of 100056 and 132.
132
Calculate the highest common factor of 84 and 77040.
12
What is the highest common factor of 46479 and 75?
3
What is the greatest common divisor of 364866 and 18?
6
What is the highest common divisor of 2840 and 313640?
40
What is the highest common divisor of 132628 and 3692?
284
What is the highest common divisor of 5562 and 54?
54
Calculate the greatest common factor of 86 and 4234.
2
What is the highest common divisor of 36996 and 2664?
12
Calculate the highest common factor of 6765 and 428901.
1353
What is the greatest common divisor of 2 and 1834474?
2
Calculate the greatest common divisor of 201100 and 60.
20
Calculate the highest common factor of 84 and 724626.
42
Calculate the greatest common factor of 828 and 1152.
36
Calculate the highest common divisor of 145863 and 304.
19
Calculate the highest common factor of 3386 and 2.
2
What is the greatest common divisor of 243 and 869076?
27
What is the greatest common factor of 440 and 32824?
88
What is the highest common divisor of 1232 and 9646?
14
What is the highest common factor of 94783 and 598?
299
What is the greatest common factor of 584 and 39347?
73
What is the greatest common divisor of 562832 and 64?
16
What is the highest common factor of 13104 and 96?
48
Calculate the highest common factor of 4911 and 2.
1
What is the highest common factor of 2507550 and 100?
50
What is the greatest common divisor of 18975 and 104995?
1265
Calculate the greatest common factor of 14306 and 87080.
622
Calculate the highest common divisor of 9421 and 3.
1
What is the greatest common factor of 108 and 18828?
36
What is the greatest common divisor of 768 and 53424?
48
What is the greatest common divisor of 72 and 13368?
24
What is the highest common f